
39
Calculate (-26 - 4) + 1 + 37.
8
What is the value of -15 + (-9 + 47 - 3) - (18 + -7)?
9
Evaluate 814 - 861 - (3 + -19).
-31
15 - (-45 + -54 + 29)
85
What is -36 + -1 + 1 + (4874 - 4863)?
-25
What is 20 + 55 - 8 - 125?
-58
What is the value of 2 - -111 - (-2 - (-3 + 20 + -25 - -5))?
112
Calculate -666 - -713 - (3 - 0 - 15).
59
Evaluate (0 - 2) + (0 - 37) + (-9 - 4) + 19.
-33
-3 + 6 + -13 - (17 - (34 - 22 - -11))
-4
What is (-2 - -12 - (27 + (-52 - -26))) + 48?
57
Calculate 180 + -186 + (-59 + 0 - -7) + (-3 - 0).
-61
Calculate -26 + 149 + (0 - 9) + -6 + -5 + 9.
112
What is (-22 + 30 - -86) + -22 - 17?
55
What is (-67 - -9) + (-142 + 128 - (1 - 28))?
-45
Evaluate (0 - (0 - -1) - (-3515 - -3510)) + -55.
-51
Calculate -1326 - -1213 - ((-4 - 20) + 6).
-95
(140 - -1) + 4742 + -4810
73
Evaluate (-8 - 5 - -10) + (37 - (14 - 20)).
40
Calculate -35 + 12 + 10 + -61 - -21.
-53
Evaluate 3886 + -3914 + 2 + 96.
70
What is -14 + 77 - 120 - -56?
-1
Evaluate (-17 - -15) + -38 + 9 + (4 - 2).
-29
What is 5 + (-35 - (-6 - (3 + -10 - 2 - -2)))?
-31
What is 2 + 5 + -17 + 18 + -27 + 18?
-1
Evaluate 2 + (-20 - -41) + -27 - (-53 + -6 - 2).
57
Calculate 26 + (43 - (33 + 181)) + 6.
-139
What is 35 - (-14 + 16 - 9) - 1 - 4?
37
What is the value of 2131 - 2120 - ((-5 - -2) + 36)?
-22
What is the value of -53 + -21 + 7 + 15 + -2 + -6 + 6?
-54
Calculate -45 + (-3 - -33) + (10 - ((13 - 9) + -4)).
-5
What is -68 - (-43 + 101 - 40)?
-86
(-53 - -15) + (20 - (-1 - (-11 - -3)))
-25
Evaluate 8 + (2 - -2) + (37 - 20 - 24) + -7.
-2
Calculate (-759 - -805 - (11 - -1)) + -22.
12
What is the value of -58 + (139 - -10) + (2 - -1) + 0 + 1?
95
Calculate (-41 - -1) + -1776 + 1822.
6
Evaluate -48 + 7 - (4 + -1 - (4 + -15 + 22)).
-33
Evaluate 57 + (-25 - -14 - 2).
44
Calculate 12 - 3 - ((52 - 63) + -16).
36
What is 4 + -5 + -21 + 0 + (-9 + 1 - -9)?
-21
Calculate 23 - (63 + -30 + -15).
5
What is 58 - 59 - (30 - (2 + -5))?
-34
Calculate -2 + 24 - (48 + -48 + 32).
-10
Calculate -2 + -14 + (-6 - (-152 - -55)).
75
Evaluate -9 + 12 + (13 + -2 - 15) + -27.
-28
Calculate -34 + -3 + -80 + 60 + -12.
-69
What is 11 - ((81 - 14) + 23) - (0 + 6 + 5)?
-90
Evaluate 14 + (3 - 17 - (-17 + 8)) + -6 - 45.
-42
What is the value of -34 + -18 + -4 + 39 + 1?
-16
What is the value of 125 + -51 + -72 - (16 - -115)?
-129
Calculate (9 - -1 - 1) + (-24 - 5) + 7 + -24.
-37
What is the value of -23 - -28 - (19 - (-19 + 3))?
-30
-6 + 3 + 19 + -3 - (-56 - -61)
8
Evaluate 66 + (-6 + 2 + 16 - (-1 + (5 - -2))).
72
-105 + 79 + (-133 - -111)
-48
What is the value of (-10 - -18 - 9) + (-81 - -54)?
-28
Calculate -7489 + 7563 + (1 - 88).
-13
Evaluate 698 - 745 - (-87 - 0).
40
What is the value of -27 + 0 + (45 - -87 - 164)?
-59
-13 - (32 - (-29 - -101))
27
Calculate 38 - (-57 - (-132 + 24)).
-13
866 + -902 + (-9 - 99)
-144
5 - (22 + -35 + 10 + -8 - (-3 - -1))
14
What is the value of 11 + -14 + 44 - ((-6 - -35) + -43)?
55
Evaluate 4 + 6 + 0 - (-11 + (19 - 12) + 10).
4
Evaluate 1 - -115 - (-14491 + 14549).
58
What is (-1 + 1 - -21) + -14 + (60 + -26 - 10)?
31
What is -31 + 8 + (133 - 141)?
-31
6 + -6 - (39 - (-19 + 17) - -14)
-55
What is -72 + (-2 - (-60 - -4))?
-18
Evaluate 98 + (-19 - -28) + -56.
51
25 - 6 - 1 - (248 + -234) - (-12 + 1)
15
17 + (23 - -24) + -83
-19
Calculate (13 - -2) + 1 + 5 + -15 + -19.
-13
-6 + 1 + 0 + (-11 - 47 - -26) + -53
-90
Evaluate 52 - (196 + -98) - 39.
-85
What is the value of -117 + (3 + (-18 - (-13 + -4)) - (-10 + -1))?
-104
Calculate (4 - -20 - 5) + -25 + -9.
-15
-11 + (20 - -7 - 22)
-6
Calculate 0 - -1 - -2 - (314 - 495 - -227).
-43
Evaluate 3 + 61 - (-30 + 4 + -8 + (43 - 21)).
76
What is (-25 - 4) + -2 - 63 - (6 + (2 - 0))?
-102
What is -17 + -6 + 3 - (82 + -194 + 18)?
74
What is the value of 6227 + -6289 - (12 + -1)?
-73
Evaluate 16 + -13 + -4 + -9 - (-2 - (-3 + 9)).
-2
What is (42 - (-18 - -70)) + 32?
22
96 + 13 + -113 - 49
-53
Calculate -2 + (10 - 8 - 9) + (99 - 46).
44
Calculate 0 + -20 + 26 - (-90 - -107).
-11
5 + (-21 - 34) + (11 - 0 - 20)
-59
Evaluate -89 + (2 - -2 - 13) + -46 + 62.
-82
What is the value of 14 + (-4 - 13) + -17 + 4 - 1?
-17
What is the value of -8 + -13 + 7 - (-24 + 3 + 45 + -15)?
-23
What is the value of 33 - (32 + -13) - 24?
-10
Calculate 20 + (4 - (136 - (0 - (16 + -31)))).
-97
What is 26 + -86 + 17 + 14 + (1 - 9) + -8?
-45
What is the value of 0 - (0 - 1) - (-101 + 10 + 47)?
45
What is -87 + (-1583 - -1617) + (-1 - -8)?
-46
What is the value of (-1 - -14) + (2004 - 2004)?
13
What is the value of (7 - 10) + (-20 - (-8 - (13 + -13)))?
-15
Evaluate 956 + -1000 + (4 - (45 - -3)).
-88
What is the value of (-18 - (-10 - -1)) + (-70 - (17 + 0 + -3))?
-93
What is -1 - (0 + 6 + -3) - 5 - (7 - 5)?
-11
What is the value of (-13 - -16) + 3 - ((-4 + 4 - -4) + -52)?
54
What is the value of 34 - 134 - -36 - -40 - 6?
-30
Calculate -22 - (-23 + (15 + 4 - 8)).
-10
23 - -6 - (65 + -3)
-33
What is -4 + 4 + -5 - 72 - (6 - (0 - 1))?
-84
Evaluate -14 - (12 - (82 - (18 + -4 + -14))) - -12.
68
What is 41 - ((42 - 2) + -1081 + 1070)?
12
What is the value of 187 + -196 + -84 - (0 - 14)?
-79
What is the value of 236 + -239 + -24 + 30?
3
Evaluate (23 + -2 + 1 - (-38 - -143)) + -13 + 1.
-95
What is -18 - (83 - 0 - (-87 + (9 - -56)))?
-123
Calculate (11 - 1) + 11 + -36 + 23 + (12 - 57).
-37
100 + -94 + (-40 - -45 - (-1 - 0))
12
Calculate 119 + (-40 + 66 + -17 - -9).
137
(9 - -21) + 5 + 1 - -9
45
(-1 - 6 - 1) + (0 - (28 - (2 - -8)))
-26
(-31 - (-11 - -50)) + (-71 - -55)
-86
What is -13 + 3 + 0 - (0 + -27 + 29 - -13)?
-25
Evaluate (-2 + -2 + 3 + 0 - (2217 + -2184)) + -9.
-43
Calculate (434 - 421) + -1 + -25 + -6.
-19
Evaluate 3 + (-24 - 9 - 15).
-45
(4 - 7) + -8 + 68 + -84
-27
-1 - (-8 - -1) - (-19 - (19 + 9 - 1))
52
Calculate -55 + (25 - -32) + -16.
-14
What is the value of (-441 - -414) + (19 - -1) + -3 + -3 + 103?
90
(15 - 3 - 7) + (0 + 4 - 0) - 47
-38
Calculate (23 - 19) + 10 - (-2 - (6 + -5)).
17
What is the value of -2 + -3 + (15 - -3) + -17 + 27?
23
Evaluate (72 - 90) + (-3 - (1 - 1)) + -56.
-77
What is the value of (10 + 14 + -15 - 3) + -52?
-46
Calculate -93 + (179 - 113) + 79.
52
Calculate (9 + 0 - (-21 + 6 + 28)) + -5 + -35.
-44
-28 + (7 + -14 - (-67 - -79))
-47
Evaluate 7 + (8 - 1 - 3 - (41 - 54)).
24
Calculate (-17 - (2 + 6 + 25)) + -2 + 8.
-44
What is the value of (12 + 3 - (-72 - -62)) + (0 - 10)?
15
What is -7 + (-1 - -18) + -9 + 6 + 16?
23
What is the value of (1 - -145) + (-19586 - -19551)?
111
What is the value of (-7 + 12 + -7 - -12) + -20 - 21?
-31
Calculate (0 - 36 - (35 - (-57 + 79))) + -2.
-51
Evaluate -43 + 66 + -2 + 10 + -102.
-71
Evaluate 175 - (171 + (-88 - 25)).
117
What is the value of (78 - -9) + ((-70 - -66) + 5 + 0 - 14)?
74
What is 4 - (-8 + ((42 - 42) + (0 - -12) - 63))?
63
Evaluate -52 + 1 - -1 - (20373 + -20375).
-48
What is -182 - -63 - (-31 - 31)?
-57
What is 11 - (-2 + 8 + -5 + 12 - 22)?
20
53 + 3 + (-5829 - -5682)
-91
Calculate -171 + 260 + (-86 - -38).
41
281 + -141 + (28 - 103)
65
Evaluate -58 + -1 - (905 - 994).
30
What is the value of (43 - (20 - 38)) + (-4 - 1) + (-120 - -115)?
51
(64 - 517) + 448 - (1 - -92)
-98
What is the value of -43 + -37 + 40 - -71 - 22?
9
Evaluate (662 + -677 - (2 + -32)) + 0.
15
-129 - -13 - (1043 + -1212)
53
What is the value of (4 - (-9 + (11 - 1))) + 3 + -20 + 148?
134
What is 1 + 1 + 2 + 1 + (-436 - -399)?
-32
Calculate -3 - (-2 + (-4 - -9) - 3) - (132 + -109).
-26
Evaluate 100 + -12 + (-1 - -4) + (-60 - -68).
99
What is (-2 - (-1 - 12)) + 6 + (-60 - (-4 - -7))?
-46
What is the value of -2 + 35 + (13 - (-17 + -15 + 32))?
46
What is -40 + -32 + 28 + -16 + (-1 - -2 - 7)?
-66
(-1 - -6 - 15) + -12 + 12 + -6 - 2
-18
What is -14 + 14 - (9 + -3 + 39 - 9)?
-36
Evaluate -105 - -115 - ((-5 - -2 - -7) + 5) - -20.
21
2 - (-4 + (-14 - -54) - 10)
-24
Calculate -178 + (292 - 95) - (18 - 0).
1
What is the value of (6 - (28 + -16)) + -2?
-8
(-75 - 1) + (-84 - -101 - 29) + (2 - -9)
-77
Evaluate (2 + 0 - (2 - -3)) + (-113 - -67 - -58).
9
Evaluate 221 - 0 - (395 + -316).
142
31 + 44 + (-38 - -15)
52
Evaluate (3 - (2 - 2) - -9) + -10 + 22 + -2.
22
Evaluate -16 - (-10 + (10 - (-8 + 5)) + -50).
31
Evaluate 35 - (1 + -9) - (-25 + 30 + -2 + 3).
37
What is the value of (3 - 1) + (21 - -1 - (99 - (-2 + -3)))?
-80
Calculate (6 - 2) + -108 - (-14 + (-